210 - -125. Let d = -47 - i. Calculate the highest common divisor of 95 and d.
19
Let z = 198 - 90. Let f = 10 + 2. What is the greatest common divisor of z and f?
12
Let h = 14 - -14. Suppose -43 = -2*j - 5*b, j + 4 = 5*b + 3. Calculate the highest common divisor of h and j.
14
Suppose 0 = q - 237 - 125. Suppose -3*s = -5*i + q, s - 119 + 473 = 5*i. What is the greatest common divisor of 14 and i?
14
Let n = 60 + -49. Suppose 2 = -g + 3*g. Calculate the highest common divisor of n and g.
1
Suppose -3*k + 62 = -4*n, -3*k - 5*n + 23 = 6. Let a be 2/(-9) - (-7566)/27. Suppose -u + a = 4*u. Calculate the greatest common factor of k and u.
14
Let h be -2 - (-2)/(8/228). What is the greatest common divisor of 22 and h?
11
Let p(g) = 12*g - 6. Let m be p(8). Suppose 0*r + m = 3*r. Suppose -3*o + 273 - r = 0. What is the highest common divisor of 9 and o?
9
Let r = -23 - 12. Let h = -18 - r. Let l(v) = 5*v**2 + v + 6. Let i be l(5). What is the highest common factor of i and h?
17
Let r = -86 - -94. What is the greatest common factor of 20 and r?
4
Let g(i) = 35*i + 28. Let r be g(3). Calculate the highest common divisor of 38 and r.
19
Suppose 155 = -2*s + h, 79 = -2*s + 5*h - 96. Let b be s/(-12) - (-2)/(-8). What is the highest common divisor of 6 and b?
6
Let v = -5 - -8. Suppose 0 = -h + 4*h + 3, 3*z - 99 = v*h. Let b = 20 + -12. What is the highest common divisor of z and b?
8
Let p(o) = o**2 - 2*o - 1. Let q be p(-3). Let u = -9 + q. Suppose 0 = -4*m + 4*z + 56, u*z + 24 - 2 = 2*m. What is the highest common divisor of m and 16?
16
Suppose 0 = h - 8 + 3. Suppose 4*u + 3*m - 6 = 12, 3*m = h*u - 9. Calculate the greatest common divisor of 27 and u.
3
Let s = -93 + 225. Suppose -2*g - v = -52, 3*g + 2*g + 3*v = s. Suppose -2*k = -a + g, -k + 107 = 5*a + 2*k. What is the highest common factor of 2 and a?
2
Suppose -5*j + 0*j + 540 = 0. Suppose -j + 353 = -5*i. Let l be (-2)/(-7) - 2681/i. Calculate the greatest common factor of l and 5.
5
Let h be 4/10 + (-72)/(-20). Suppose 5*o + h*d - 87 = 0, -2*d + 6 = -0*d. What is the greatest common factor of o and 105?
15
Let d be -206*(0 + (-2)/4). Let i = d - 68. What is the greatest common divisor of i and 7?
7
Suppose 2*s + 274 = 3*i, 2*s - 446 = 2*i - 7*i. Calculate the greatest common divisor of 36 and i.
18
Suppose -m - 5*z = 24, 4*m - 18 - 11 = 5*z. What is the highest common factor of m and 19?
1
Let x(s) = -2*s**3 + 2*s**2 - 3*s + 2. Let f be x(-3). Suppose -3*p = -f - 67. Let r be (-4)/10 + (-52)/(-5). Calculate the greatest common factor of p and r.
10
Suppose 7*g + 35 = 2*g. Let q(h) be the first derivative of 4*h**3/3 - 4*h**2 + h - 3. Let n be q(g). What is the highest common divisor of n and 23?
23
Suppose -5*y + 3*v - 7*v = -93, -3*y + 57 = 3*v. What is the greatest common factor of 85 and y?
17
Suppose -z - 3 = -7. Let i be (-6)/z*264/(-9). What is the highest common factor of i and 11?
11
Let g be (-1023)/(-55) + (-2)/(-5). Calculate the highest common factor of 152 and g.
19
Suppose 0 = 5*y - 18 - 2. Suppose 1 = -3*h - 3*k - 5, y*h - k = 7. What is the greatest common divisor of h and 6?
1
Suppose 0 = -5*w - 5*g + 605, -3*w + 2*g = -104 - 254. Calculate the greatest common factor of 30 and w.
30
Let i = -37 - -89. What is the greatest common factor of 130 and i?
26
Let j(l) = -4*l. Let a be j(-4). Let y = 27 - a. What is the greatest common divisor of y and 55?
11
Suppose -6*r + 40 = -2*r. What is the highest common divisor of r and 50?
10
Suppose -4*n + 148 = -2*g, 2*n + 2*g = 4*g + 78. Suppose -p + 11 = 6. What is the greatest common divisor of n and p?
5
Let u be (-19)/4 - 15/(-20). Let z = 0 - u. Suppose 0 = 2*j - 35 - 53. What is the highest common divisor of z and j?
4
Let l be 1 - -1 - (-3 + 1). Suppose 0 = 5*h - l*b - 18, 2*h = -b - b. Calculate the greatest common factor of h and 5.
1
Let n(j) be the first derivative of j**4/4 - j**3 - 1. Let q be n(4). Suppose -4*u = u - 240. Calculate the highest common factor of q and u.
16
Let q(b) = 4*b + 4. Let d be q(2). Suppose x - 192 = -x. Calculate the greatest common factor of d and x.
12
Suppose n - 25 = -2*o - 7, -65 = -5*n - 5*o. Suppose -f = -3*t + 74, 5*f - 66 = -3*t + 2*f. What is the greatest common divisor of n and t?
8
Suppose 7*w = 2*w + 35. Calculate the greatest common factor of w and 56.
7
Let d(v) = 18*v**3 - 2*v**2 - v. Let s be d(-1). Let n = 31 + s. What is the highest common divisor of 36 and n?
12
Let q be (209/22)/(2/8) - 2. What is the highest common factor of q and 324?
36
Let s be 10/3 + (-1)/3. Let y(p) = p**2 - 2*p. Let a be y(s). Let w(v) = v**3 + 2*v**2 + 2. Let i be w(-2). Calculate the highest common factor of i and a.
1
Let l(v) = 2 - v + v + 2*v. Suppose -h + 10 = 3. Let t be l(h). What is the greatest common divisor of t and 40?
8
Suppose -2*o = -4 + 6. Let t be (o - 2)*2*-2. Let c(p) = 3*p - 48. Let g be c(18). Calculate the highest common divisor of g and t.
6
Let j = -470 - -480. Suppose 0 = -3*x + 6, -5*z + 354 = -3*x + 10. What is the greatest common factor of z and j?
10
Let n(x) = 3*x + 3. Let b be (4 + -3)/(2/6). Let w be n(b). What is the greatest common divisor of 60 and w?
12
Let p be 6/(-9) - 96/(-9). Calculate the highest common divisor of p and 130.
10
Suppose -3*r - 15 + 3 = 0. Let b(n) = n + 4. Let g be b(r). Suppose -w + 0*f = 2*f - 6, 5*w - 3*f - 56 = g. Calculate the highest common divisor of w and 20.
10
Let p(k) = k**2 - 9*k + 10. Let q be p(9). Let z = q + -6. Suppose -3*h + z*h - 12 = 0. Calculate the greatest common factor of h and 3.
3
Suppose 2*y + 8 = 5*d, -y + 3 - 9 = -3*d. What is the highest common divisor of 48 and y?
6
Suppose -c - 4*c = -20. Suppose c*z = 2*z. Let h be 17 + 0 - (2 + z). Calculate the highest common factor of 6 and h.
3
Let d be 251/6 - 9/(-54). What is the greatest common divisor of d and 21?
21
Suppose 2*l - 6 = -8. Let i(s) = -11*s**3 + s**2 + s. Let m be i(l). Let v = 40 + 15. Calculate the highest common divisor of m and v.
11
Let m = 93 - 60. Calculate the greatest common divisor of 22 and m.
11
Suppose 2*f - 47 = 5*r, 2*f - r - 10 - 17 = 0. What is the highest common factor of 121 and f?
11
Let y = 190 - 64. Suppose -3*c + 99 = -y. What is the highest common factor of 15 and c?
15
Let u(i) be the third derivative of i**6/120 + i**5/30 - 5*i**4/24 - i**3/2 - 6*i**2. Let p be u(-3). What is the highest common factor of p and 3?
3
Suppose 9*f = 3*w + 13*f - 200, -4*w + 250 = 2*f. What is the highest common factor of 10 and w?
10
Let t be (-1)/5 - (-7580)/25. Let q = t - 105. What is the highest common divisor of 18 and q?
18
Suppose -5*q = -q - 48. Let k = -10 + 28. Calculate the greatest common divisor of k and q.
6
Let w = -42 + 69. What is the highest common factor of 3 and w?
3
Let q be ((-1)/2)/((-4)/(-8)). Let d be (-120)/(-25) - q/5. What is the greatest common factor of d and 25?
5
Let v(j) = j**2 + j + 1. Let q be v(2). Let u = -3 + q. Suppose 0 = 2*w - w - u. What is the highest common divisor of w and 12?
4
Let k be (-1)/(2/14*-1). Let b be (-222)/(-4) - (-3)/6. Calculate the highest common factor of k and b.
7
Let x = 176 + -125. What is the greatest common divisor of x and 102?
51
Let i = -10 + -2. Let y be (-2)/(-8) + 3/i. Let h be -15*(2 - y)/(-2). Calculate the highest common divisor of h and 5.
5
Suppose 2*w - w = 2*v + 39, -4*v = 3*w - 87. Let a = -83 - -86. Calculate the highest common factor of a and w.
3
Let s = 199 + -85. What is the greatest common factor of s and 38?
38
Let u(i) = 7*i + 1. Let c be u(-1). Let q = c + 12. Calculate the highest common divisor of q and 12.
6
Suppose 2*q - 11 = -0*h + h, -2*q = 2*h + 16. Let g = h + 36. Calculate the highest common divisor of 9 and g.
9
Let g(o) = -o**3 - o**2 + 5*o + 3. Let n be g(-3). What is the highest common factor of n and 2?
2
Suppose 5*x = -74 + 294. What is the highest common divisor of 22 and x?
22
Let k be (5/((-15)/18))/(-2). Suppose x - 8 = h - 6*h, 5*h = k*x - 4. Let i(f) = 32*f. Let n be i(h). What is the greatest common factor of n and 8?
8
Let x(g) = 13*g - 10. Let v be x(3). Calculate the highest common divisor of 261 and v.
29
Let c(u) = u - 3. Let m be c(5). Let b(v) = -2*v + 7*v**2 + 2 + 4 + v**m. Let h be b(4). Calculate the highest common factor of h an